4919233024?
3
What is the ten thousands digit of 71322526?
2
What is the units digit of 43089729?
9
What is the thousands digit of 1366522696?
2
What is the units digit of 1870441590?
0
What is the tens digit of 151931574?
7
What is the tens digit of 305510019?
1
What is the hundreds digit of 1611923816?
8
What is the ten thousands digit of 745199317?
9
What is the hundreds digit of 211178248?
2
What is the units digit of 66600755?
5
What is the thousands digit of 100732143?
2
What is the units digit of 205805226?
6
What is the thousands digit of 364392?
4
What is the ten millions digit of 19931125?
1
What is the ten thousands digit of 7815581?
1
What is the units digit of 396134345?
5
What is the ten millions digit of 52134396?
5
What is the hundred thousands digit of 3695663315?
6
What is the hundred millions digit of 1180771733?
1
What is the ten millions digit of 491194841?
9
What is the tens digit of 775911799?
9
What is the ten millions digit of 1624547891?
2
What is the units digit of 268975208?
8
What is the millions digit of 9826445?
9
What is the millions digit of 693242259?
3
What is the hundreds digit of 335851?
8
What is the millions digit of 3790806825?
0
What is the tens digit of 12299193?
9
What is the hundred millions digit of 554504821?
5
What is the thousands digit of 70335121?
5
What is the hundreds digit of 3379915598?
5
What is the thousands digit of 186017403?
7
What is the ten millions digit of 294241898?
9
What is the ten thousands digit of 913056998?
5
What is the ten thousands digit of 27018850?
1
What is the ten thousands digit of 33427115?
2
What is the ten millions digit of 42087273?
4
What is the hundred millions digit of 133167876?
1
What is the units digit of 465115815?
5
What is the thousands digit of 970632884?
2
What is the ten thousands digit of 3933510026?
1
What is the millions digit of 43670742?
3
What is the ten thousands digit of 46921230?
2
What is the ten thousands digit of 41237184?
3
What is the tens digit of 1934799751?
5
What is the tens digit of 25113193?
9
What is the thousands digit of 128483014?
3
What is the tens digit of 1347132220?
2
What is the ten millions digit of 13437646?
1
What is the millions digit of 622764976?
2
What is the thousands digit of 314575840?
5
What is the thousands digit of 73333907?
3
What is the ten thousands digit of 415431163?
3
What is the units digit of 66187863?
3
What is the billions digit of 2419291036?
2
What is the ten thousands digit of 186073154?
7
What is the hundreds digit of 1920668878?
8
What is the hundreds digit of 3341742630?
6
What is the hundred thousands digit of 365584498?
5
What is the tens digit of 436514838?
3
What is the tens digit of 75676401?
0
What is the millions digit of 64952805?
4
What is the hundreds digit of 78892620?
6
What is the ten thousands digit of 52189699?
8
What is the hundred millions digit of 279004855?
2
What is the thousands digit of 8035024?
5
What is the hundred thousands digit of 32967313?
9
What is the ten millions digit of 1673689725?
7
What is the units digit of 47908495?
5
What is the millions digit of 3488447?
3
What is the tens digit of 277087948?
4
What is the ten thousands digit of 81409303?
0
What is the ten millions digit of 11720382?
1
What is the units digit of 81129266?
6
What is the tens digit of 260691712?
1
What is the ten millions digit of 1521885934?
2
What is the thousands digit of 107354702?
4
What is the hundred thousands digit of 1635114722?
1
What is the tens digit of 21646949?
4
What is the tens digit of 3018865969?
6
What is the hundred thousands digit of 14926078?
9
What is the thousands digit of 456016347?
6
What is the ten millions digit of 36825050?
3
What is the millions digit of 2647155520?
7
What is the tens digit of 958543547?
4
What is the ten thousands digit of 67547821?
4
What is the units digit of 518821966?
6
What is the hundred millions digit of 2308970467?
3
What is the ten thousands digit of 336787959?
8
What is the tens digit of 1218819601?
0
What is the tens digit of 1380494977?
7
What is the millions digit of 3440004865?
0
What is the tens digit of 170118761?
6
What is the units digit of 13820813?
3
What is the units digit of 34091444?
4
What is the thousands digit of 495085295?
5
What is the thousands digit of 4176581121?
1
What is the millions digit of 631820857?
1
What is the millions digit of 26809222?
6
What is the millions digit of 498796592?
8
What is the ten thousands digit of 4340076036?
7
What is the billions digit of 1160984771?
1
What is the hundreds digit of 647967146?
1
What is the units digit of 101308678?
8
What is the ten thousands digit of 43885441?
8
What is the hundreds digit of 310113245?
2
What is the thousands digit of 499890092?
0
What is the hundred thousands digit of 313095576?
0
What is the hundreds digit of 138850233?
2
What is the hundreds digit of 22550836?
8
What is the thousands digit of 74207479?
7
What is the hundreds digit of 1453660520?
5
What is the tens digit of 2762328393?
9
What is the hundred millions digit of 693512318?
6
What is the millions digit of 47250862?
7
What is the units digit of 13843822?
2
What is the hundred thousands digit of 170850465?
8
What is the ten thousands digit of 160360170?
6
What is the tens digit of 16852381?
8
What is the ten thousands digit of 969803480?
0
What is the thousands digit of 452434283?
4
What is the tens digit of 34731677?
7
What is the hundred millions digit of 707388370?
7
What is the ten millions digit of 1657489227?
5
What is the hundreds digit of 43791866?
8
What is the millions digit of 93630543?
3
What is the units digit of 1673471472?
2
What is the hundred millions digit of 283444086?
2
What is the units digit of 23464541?
1
What is the thousands digit of 23645442?
5
What is the tens digit of 1901509581?
8
What is the ten thousands digit of 2127620670?
2
What is the hundred millions digit of 2026640509?
0
What is the units digit of 73545393?
3
What is the units digit of 58474226?
6
What is the hundreds digit of 1833999661?
6
What is the hundred millions digit of 7205050118?
2
What is the ten thousands digit of 1594684811?
8
What is the millions digit of 3842338640?
2
What is the thousands digit of 144380508?
0
What is the tens digit of 463851253?
5
What is the hundreds digit of 59507671?
6
What is the tens digit of 262105726?
2
What is the tens digit of 115390620?
2
What is the hundred millions digit of 1509262723?
5
What is the hundreds digit of 66998042?
0
What is the hundred millions digit of 157363816?
1
What is the tens digit of 225360606?
0
What is the ten thousands digit of 4107882501?
8
What is the units digit of 412764660?
0
What is the millions digit of 44783002?
4
What is the hundreds digit of 270585910?
9
What is the tens digit of 5239628561?
6
What is the ten millions digit of 377119304?
7
What is the thousands digit of 266592424?
2
What is the ten millions digit of 145366942?
4
What is the ten millions digit of 170506394?
7
What is the hundred thousands digit of 857828718?
8
What is the tens digit of 1012046132?
3
What is the ten thousands digit of 116156025?
5
What is the thousands digit of 8580557?
0
What is the units digit of 510311466?
6
What is the hundred thousands digit of 503621603?
6
What is the hundreds digit of 181969072?
0
What is the units digit of 534156982?
2
What is the hundred thousands digit of 77447958?
4
What is the hundreds digit of 27208478?
4
What is the ten thousands digit of 7250459?
5
What is the billions digit of 4039650314?
4
What is the ten millions digit of 123740894?
2
What is the hundreds digit of 75231578?
5
What is the units digit of 180580568?
8
What is the ten thousands digit of 7055220?
5
What is the hundred thousands digit of 65665436?
6
What is the ten thousands digit of 63736477?
3
What is the hundreds digit of 30528839?
8
What is the hundred thousands digit of 37061816?
0
What is the tens digit of 851061953?
5
What is the ten millions digit of 1271500470?
7
What is the units digit of 5527189679?
9
What is the thousands digit of 204011580?
1
What is the thousands digit of 429095440?
5
What is the tens digit of 124985416?
1
What is the ten millions digit of 1448281123?
4
What is the ten millions digit of 1069713201?
6
What is th